atest common divisor of g and 12.
12
Let h(d) = 7*d + 888. Let t be h(-73). Calculate the highest common divisor of 29 and t.
29
Let o be (4/10)/((-482813)/26825 + 18). What is the highest common factor of 4 and o?
2
Suppose -4*g - 3*r + 941 + 171 = 0, 16 = 4*r. Let b(w) = -7*w + 35. Let d be b(6). Let a be d/56*-2*100. Calculate the greatest common factor of a and g.
25
Let z = -60 + 70. Suppose 0 = 5*p + z, -5*p - 35 = 3*j - 136. Let i be -6*-1*(-111)/(-2). What is the greatest common factor of i and j?
37
Suppose -3*j = -3*b - 438, 27 = 2*j - b - 263. Let o = -128 + j. Calculate the highest common divisor of 1 and o.
1
Let b(l) = 11*l - 50. Let k be b(5). Suppose 0*q - k*q + 870 = 0. Suppose -2*z = 2*a - 92, 0*z - q = -4*a + z. Calculate the highest common factor of a and 4.
4
Let f(v) = 56*v**2 + v + 1. Let h be f(-1). Suppose 3*z + 2*b = 41, -92*b = -89*b - 30. What is the highest common factor of h and z?
7
Suppose 0 = -88*m + 86*m - 166. Let n(a) = 2*a**2 + 4*a - 4. Let t be n(6). Let r = m + t. What is the greatest common divisor of r and 15?
3
Suppose 203*a - 204*a - 4*n = -384, 0 = 5*a - 2*n - 1744. What is the highest common divisor of a and 20592?
176
Let p be -6 - (-4799 + 6/9*12). What is the highest common factor of 165 and p?
165
Let g be (-24462)/3624 + (-67)/(-4). Suppose -r - 3*r - 32 = 0. Let m be (-2)/r + (-1838)/(-8). What is the greatest common factor of g and m?
10
Suppose 5*l - 7*l - 5*x = -652, -l + 311 = 5*x. Calculate the highest common divisor of l and 143.
11
Suppose 31*m - 33*m = -12, 0 = q - 3*m - 13525. What is the greatest common factor of q and 58?
29
Suppose -2*i + 5*r - 145 = -547, 5*i + r - 978 = 0. Let h = -46 + i. Let j be 20/110 + h/22. What is the highest common factor of j and 7?
7
Let q(w) be the second derivative of 5*w**3/2 - 42*w**2 - 3*w + 18. Let f be q(8). Calculate the highest common divisor of f and 522.
18
Suppose -60598 + 7935 = -17*i + 13382. Calculate the greatest common factor of 105 and i.
105
Let y be 17/(34/(-12)) + -1 + 3731. What is the greatest common divisor of 98 and y?
98
Let j be 422 + 3 + 0 + 1. Suppose 1086 + j = 9*z. Calculate the highest common divisor of z and 63.
21
Suppose 0 = 20*o - 14*o - 1554. Let i = 448 - o. Calculate the highest common divisor of i and 42.
21
Let p(b) be the first derivative of -27*b**2/2 - 118*b + 59. Let g be p(-14). Calculate the highest common divisor of g and 26.
26
Suppose 1578 = 4*g + r - 585, -2*r + 1086 = 2*g. What is the highest common factor of 3348 and g?
108
Let u = -279 + 281. Let w be (-4 - -8)*5*u. What is the highest common factor of w and 15?
5
Let g be (0 - 3)*12/9. Let h be (2/g)/(11/(-264)). Calculate the greatest common divisor of h and 516.
12
Suppose -3*n + 259 = 4*t, 6*n - 4*t + 445 = 11*n. Suppose 2*a = 569 - n. What is the highest common factor of a and 14?
14
Let l(f) = 2*f**2 + 10*f + 9. Let p be l(-8). Let i = 237 + -51. Suppose 5*t = -4*h + i, -47 = -3*t - 2*h + 65. What is the greatest common divisor of p and t?
19
Let m be 2/(-5) + (-47966)/(-290) + 56/(-8). Calculate the highest common divisor of 5609 and m.
79
Suppose -390 = -42*d + 29*d. Let s be (-2)/(2/d + 6/(-36)). What is the greatest common factor of 15 and s?
5
Suppose 5*x + 0*s - 3*s = 102, 4*x - 5*s - 66 = 0. What is the highest common factor of x and 3576?
24
Suppose -2889*a = -2895*a + 3420. What is the greatest common factor of 240 and a?
30
Let m = -22 - -27. Let i(c) = m - 15*c - 2 + 2 - 2. Let k be i(-2). Calculate the highest common factor of 3 and k.
3
Suppose 8*j + 3*j - 165 = 4*k, 3*j = -5*k + 45. Suppose 23 = 4*l - 13. Let i = -6 + l. What is the highest common divisor of j and i?
3
Let u be (-4)/((-2)/(-9) - (-111)/(-621)). Let q = -88 - u. Suppose -4*y + q*l = -348, y = l + l + 87. Calculate the highest common divisor of y and 29.
29
Let u be (16/24)/((-5)/(-3240)). Let t be 1*(-1 + (u - -1)). Calculate the greatest common divisor of 54 and t.
54
Suppose -3*d = d - 24. Let m(y) = 4*y**2 + 12187*y - 121766. Let a be m(10). What is the highest common divisor of a and d?
6
Suppose -i + 3*u = -5 - 17, 3*i + 5*u - 66 = 0. Calculate the highest common factor of 13 and i.
1
Let s be 3/(1 + -3 + 3) - -231. Suppose -51*c - s = -57*c. What is the greatest common divisor of 52 and c?
13
Suppose -4*n - 72 = 2*l, -3*n - 2*l - 60 = -8. Let w be ((-324)/n)/((-6)/(-30)). Suppose -117 - w = -2*q. Calculate the highest common factor of q and 9.
9
Let a be 16/5 + -4 + (-232326)/(-45). Calculate the highest common divisor of a and 58.
58
Suppose 10*v = -14*v + 1344. Suppose 3*t + v = 10*t. Calculate the greatest common factor of 22 and t.
2
Let g = 8102 + 16394. Calculate the highest common divisor of 32 and g.
16
Let r = 39029 - 38741. What is the highest common factor of 252 and r?
36
Suppose -3*r - 4608 = -27*r. Calculate the greatest common divisor of r and 72.
24
Let j = -629 + 641. Suppose 5*r + 1087 = 3*k, j*k - 4*r = 9*k + 1088. Calculate the greatest common divisor of k and 28.
28
Let o = -30111 - -30243. What is the greatest common factor of o and 108?
12
Let o(w) = w**3 - 15*w**2 - 14*w - 7. Let v be o(15). Let m be v*(-2)/8 - 3/12. What is the highest common factor of m and 18?
18
Suppose -3*p = -8*p - 25, -y + 2*p = -16. Let v be ((-3)/(y/(-20)))/((-13)/91). Let l = 116 + v. What is the highest common divisor of l and 368?
46
Let d be 17/(85/(-30)) - -3. Let k be (-1)/(18/d) + (-2329)/(-102). Let v be 2/2 - 11*-2. Calculate the greatest common factor of k and v.
23
Let h be (-6)/(-18) - 334/(-6). Let t = 60 - h. Suppose -v + 3*w + 39 = 0, -5*w = -t*v - 0*v + 135. What is the highest common divisor of 10 and v?
10
Suppose 0 = 5*a - 81 + 66. Suppose -a*g = 2*j - 7*g - 60, -j = 5*g - 2. Calculate the greatest common divisor of j and 22.
22
Let m = -39400 + 55641. What is the greatest common factor of m and 149?
149
Suppose 55*b = 24*b + 1515 + 1554. Calculate the greatest common factor of b and 11.
11
Suppose 0*d + 2*d - 20 = 0. Let z(q) = 1 - 5*q**3 - 3*q + 4*q**3 - 55*q**2 + 40*q**2 + 4. Let n be z(-15). Calculate the greatest common divisor of n and d.
10
Let k(u) = 5*u - 79. Let f be k(17). Suppose -204 - f = -21*w. Suppose 4*d = 8 + 8. What is the greatest common divisor of w and d?
2
Let k(v) = v**3 - 15*v**2 - 19*v + 94. Let x be k(16). Calculate the highest common factor of 1219 and x.
23
Let z be (-2 + 12/8)*6. Let q be (3 - 2)/(-1)*z. Suppose 5*k - 43 = -q. Calculate the greatest common divisor of 4 and k.
4
Let p(v) = 2*v**3 - 7*v**2 + 54*v - 336. Let m be p(6). What is the highest common factor of m and 192?
24
Suppose 537*s - 262514 = 109627. Calculate the highest common factor of s and 429.
33
Let g be ((-19)/2)/(2/(-36)). Suppose 11*m = g - 6. What is the highest common factor of m and 360?
15
Suppose 17492 + 1509 = 3*x + 3935. What is the greatest common divisor of x and 27?
27
Let a(q) be the third derivative of q**5/60 + q**4/4 - 53*q**3/6 - 8*q**2. Let s be a(-11). What is the greatest common factor of s and 1?
1
Suppose -7*i + 3*f = -473, -i + 5*f + 58 = -5. What is the greatest common factor of 1088 and i?
68
Let o(x) = 24*x**2 + 32*x + 128. Let v be o(-5). Suppose 0 = l + 2*f - 293, 5*f = 2*l - 0*l - v. Calculate the greatest common divisor of l and 17.
17
Let j(q) = 4*q**2 + 32*q + 154. Let y be j(-6). What is the highest common factor of y and 7420?
106
Let l(y) = -20*y**2 - 684*y + 102. Let d be l(-33). Calculate the greatest common divisor of d and 18.
6
Let t = 6844 + -6814. What is the greatest common factor of 9990 and t?
30
Let h(j) = -j**3 - 10*j**2 + 28*j - 16. Let b be h(-13). Suppose 2*a - b + 75 = 0. Calculate the greatest common divisor of 325 and a.
13
Let j = -39 + 39. Let s be -3 - (0 - (-40 - j)). Let z = -6 - s. What is the highest common divisor of z and 37?
37
Let o = 6605 + -6575. What is the greatest common factor of o and 1695?
15
Let l = -2523 - -2530. Calculate the highest common divisor of 3269 and l.
7
Let k(c) = -2*c**2 - 4*c + 125. Let o be k(6). What is the highest common divisor of 11078 and o?
29
Let q be (780 - 0)*(-24)/(-60). Let f = q + -200. Let z = 132 - f. Calculate the greatest common divisor of 5 and z.
5
Let d(f) = -9*f**2 - 31*f + 47. Let k(c) = -11*c**2 - 32*c + 46. Let r(o) = -6*d(